7.
281, 2287
What are the prime factors of 109847?
109847
List the prime factors of 863849.
7, 123407
What are the prime factors of 632270?
2, 5, 23, 2749
What are the prime factors of 290369?
290369
What are the prime factors of 3107698?
2, 11, 29, 4871
What are the prime factors of 1496660?
2, 5, 11, 6803
List the prime factors of 24245.
5, 13, 373
List the prime factors of 989498.
2, 494749
List the prime factors of 6165686.
2, 3082843
What are the prime factors of 130959?
3, 14551
List the prime factors of 6925930.
2, 5, 11, 79, 797
What are the prime factors of 194208?
2, 3, 7, 17
What are the prime factors of 2241937?
883, 2539
List the prime factors of 1474278.
2, 3, 13, 41, 461
List the prime factors of 628729.
19, 33091
What are the prime factors of 106119?
3, 13, 907
List the prime factors of 19728.
2, 3, 137
What are the prime factors of 1561523?
439, 3557
List the prime factors of 3624783.
3, 59, 20479
List the prime factors of 9500858.
2, 17, 227, 1231
What are the prime factors of 108592?
2, 11, 617
What are the prime factors of 10022204?
2, 23, 41, 2657
List the prime factors of 3541920.
2, 3, 5, 47, 157
What are the prime factors of 3282559?
7, 31, 2161
What are the prime factors of 1090637?
23, 47419
List the prime factors of 7577573.
173, 43801
What are the prime factors of 472760?
2, 5, 53, 223
List the prime factors of 12498177.
3, 23, 31, 5843
List the prime factors of 857506.
2, 13, 43, 59
List the prime factors of 25713.
3, 2857
What are the prime factors of 15283948?
2, 3820987
What are the prime factors of 3903827?
353, 11059
What are the prime factors of 1400096?
2, 43753
What are the prime factors of 375602?
2, 67, 2803
What are the prime factors of 16167474?
2, 3, 101, 8893
List the prime factors of 4752624.
2, 3, 99013
What are the prime factors of 2857823?
41, 43, 1621
List the prime factors of 1798841.
11, 29, 5639
What are the prime factors of 42865?
5, 8573
List the prime factors of 1083484.
2, 23, 11777
List the prime factors of 147016.
2, 17, 23, 47
List the prime factors of 12952075.
5, 518083
List the prime factors of 210075.
3, 5, 2801
List the prime factors of 7025445.
3, 5, 7, 22303
List the prime factors of 2233037.
97, 23021
List the prime factors of 514344.
2, 3, 29, 739
What are the prime factors of 32459149?
29, 1119281
List the prime factors of 35820512.
2, 7, 13, 12301
List the prime factors of 7552431.
3, 647, 1297
List the prime factors of 1345147.
281, 4787
What are the prime factors of 4185574?
2, 191, 10957
What are the prime factors of 39516?
2, 3, 37, 89
What are the prime factors of 1421822?
2, 710911
What are the prime factors of 903897?
3, 67, 1499
What are the prime factors of 942507?
3, 104723
List the prime factors of 754599.
3, 251533
What are the prime factors of 87407?
87407
List the prime factors of 265127.
47, 5641
What are the prime factors of 1778566?
2, 43, 20681
What are the prime factors of 2109055?
5, 13, 71, 457
List the prime factors of 420419.
420419
What are the prime factors of 149440?
2, 5, 467
List the prime factors of 23815589.
7, 17, 200131
What are the prime factors of 2646346?
2, 31, 42683
List the prime factors of 1475645.
5, 295129
What are the prime factors of 7352068?
2, 383, 4799
What are the prime factors of 15237015?
3, 5, 17, 59753
List the prime factors of 354356.
2, 88589
List the prime factors of 10389350.
2, 5, 47, 4421
List the prime factors of 4547032.
2, 7, 81197
What are the prime factors of 27749254?
2, 13, 337, 3167
What are the prime factors of 1726963?
7, 246709
What are the prime factors of 8389171?
7, 43, 47, 593
List the prime factors of 359446.
2, 53, 3391
What are the prime factors of 2443184?
2, 37, 4127
What are the prime factors of 168815?
5, 19, 1777
List the prime factors of 39575695.
5, 43, 184073
List the prime factors of 799076.
2, 107, 1867
What are the prime factors of 1580259?
3, 199, 2647
What are the prime factors of 135501?
3, 31, 47
List the prime factors of 5032204.
2, 17, 43, 1721
What are the prime factors of 2562182?
2, 7, 197, 929
List the prime factors of 8787005.
5, 1757401
What are the prime factors of 2831968?
2, 88499
List the prime factors of 713897.
23, 31039
List the prime factors of 5687929.
13, 437533
What are the prime factors of 385766?
2, 192883
What are the prime factors of 993468?
2, 3, 7, 11827
What are the prime factors of 1147949?
11, 79, 1321
List the prime factors of 1773046.
2, 11, 83, 971
List the prime factors of 166392.
2, 3, 2311
What are the prime factors of 398653?
43, 73, 127
List the prime factors of 40541.
71, 571
What are the prime factors of 575980?
2, 5, 31, 929
List the prime factors of 30483.
3, 1129
What are the prime factors of 8457456?
2, 3, 7, 25171
What are the prime factors of 1505366?
2, 752683
What are the prime factors of 776524?
2, 7, 27733
What are the prime factors of 11911851?
3, 7, 27011
List the prime factors of 63354.
2, 3, 10559
What are the prime factors of 20776200?
2, 3, 5, 31, 1117
What are the prime factors of 1972591?
1972591
List the prime factors of 3691278.
2, 3, 17, 4021
List the prime factors of 24564614.
2, 101, 121607
List the prime factors of 245351.
107, 2293
What are the prime factors of 2818957?
17, 79, 2099
What are the prime factors of 1588754?
2, 769, 1033
List the prime factors of 240607.
240607
What are the prime factors of 846296?
2, 11, 59, 163
List the prime factors of 1957594.
2, 978797
What are the prime factors of 336867?
3, 112289
List the prime factors of 145278.
2, 3, 7, 1153
What are the prime factors of 629614?
2, 314807
List the prime factors of 152855.
5, 19, 1609
What are the prime factors of 534495?
3, 5, 13, 2741
List the prime factors of 12782037.
3, 41, 103919
What are the prime factors of 9006596?
2, 2251649
List the prime factors of 13579.
37, 367
List the prime factors of 17525.
5, 701
List the prime factors of 24166045.
5, 4833209
What are the prime factors of 1256567?
13, 163, 593
List the prime factors of 1056505.
5, 23, 9187
List the prime factors of 33115055.
5, 23, 151, 1907
List the prime factors of 643015.
5, 128603
List the prime factors of 694257.
3, 231419
What are the prime factors of 17097065?
5, 3419413
List the prime factors of 101423.
7, 14489
List the prime factors of 3393146.
2, 593, 2861
What are the prime factors of 236343?
3, 78781
List the prime factors of 2996794.
2, 17, 19, 4639
List the prime factors of 261574.
2, 130787
What are the prime factors of 4056690?
2, 3, 5, 11, 19, 647
What are the prime factors of 418267?
29, 14423
List the prime factors of 321709.
321709
What are the prime factors of 1340543?
401, 3343
List the prime factors of 899104.
2, 28097
List the prime factors of 1401333.
3, 251, 1861
What are the prime factors of 516448?
2, 16139
List the prime factors of 4619745.
3, 5, 13, 53, 149
List the prime factors of 127879.
41, 3119
List the prime factors of 3074970.
2, 3, 5, 102499
What are the prime factors of 15303148?
2, 7, 383, 1427
List the prime factors of 6126477.
3, 7, 17, 131
List the prime factors of 9278.
2, 4639
List the prime factors of 326710.
2, 5, 37, 883
What are the prime factors of 787736?
2, 98467
List the prime factors of 21868.
2, 7, 11, 71
List the prime factors of 335517.
3, 7, 13, 1229
List the prime factors of 125675.
5, 11, 457
What are the prime factors of 1027680?
2, 3, 5, 2141
What are the prime factors of 335558?
2, 167779
List the prime factors of 6870622.
2, 11, 29, 89
What are the prime factors of 195525?
3, 5, 11, 79
List the prime factors of 997288.
2, 17, 7333
What are the prime factors of 1696579?
1696579
What are the prime factors of 661113?
3, 17, 29, 149
List the prime factors of 8567319.
3, 41, 69653
What are the prime factors of 2043825?
3, 5, 7, 17, 229
What are the prime factors of 1391302?
2, 11, 63241
What are the prime factors of 19730208?
2, 3, 19, 29, 373
List the prime factors of 432339.
3, 211, 683
What are the prime factors of 16107403?
13, 67, 18493
List the prime factors of 19398025.
5, 769, 1009
List the prime factors of 1349837.
929, 1453
What are the prime factors of 297325?
5, 7, 1699
What are the prime factors of 3304216?
2, 413027
List the prime factors of 2290425.
3, 5, 30539
What are the prime factors of 623389?
13, 79, 6